digit of 106829?
1
What is the hundred thousands digit of 556629?
5
What is the ten thousands digit of 2726704?
2
What is the ten thousands digit of 2731398?
3
What is the thousands digit of 5667128?
7
What is the tens digit of 24157066?
6
What is the tens digit of 24909?
0
What is the hundred thousands digit of 4878106?
8
What is the hundred thousands digit of 920662?
9
What is the tens digit of 69900?
0
What is the thousands digit of 133081?
3
What is the thousands digit of 12290372?
0
What is the units digit of 10139800?
0
What is the tens digit of 1346013?
1
What is the millions digit of 7537801?
7
What is the thousands digit of 404593?
4
What is the hundred thousands digit of 3169949?
1
What is the tens digit of 332008?
0
What is the ten thousands digit of 4145755?
4
What is the hundreds digit of 233042?
0
What is the hundred thousands digit of 1434132?
4
What is the tens digit of 4333356?
5
What is the thousands digit of 1558741?
8
What is the thousands digit of 291618?
1
What is the ten thousands digit of 347882?
4
What is the hundred thousands digit of 2166903?
1
What is the hundreds digit of 4123423?
4
What is the tens digit of 848112?
1
What is the millions digit of 2902499?
2
What is the millions digit of 2429332?
2
What is the hundred thousands digit of 4176168?
1
What is the ten thousands digit of 24024159?
2
What is the units digit of 1687725?
5
What is the hundred thousands digit of 4614907?
6
What is the ten thousands digit of 1228136?
2
What is the units digit of 1074252?
2
What is the units digit of 377419?
9
What is the thousands digit of 6147121?
7
What is the units digit of 651441?
1
What is the hundred thousands digit of 383483?
3
What is the ten thousands digit of 103359?
0
What is the ten thousands digit of 1471412?
7
What is the tens digit of 4706438?
3
What is the hundred thousands digit of 281977?
2
What is the ten thousands digit of 3316201?
1
What is the tens digit of 392950?
5
What is the thousands digit of 992718?
2
What is the units digit of 7341598?
8
What is the tens digit of 560345?
4
What is the hundred thousands digit of 220039?
2
What is the thousands digit of 1929534?
9
What is the hundred thousands digit of 614107?
6
What is the hundreds digit of 1249034?
0
What is the tens digit of 281997?
9
What is the tens digit of 1318245?
4
What is the ten thousands digit of 4106235?
0
What is the hundred thousands digit of 5663754?
6
What is the thousands digit of 2148816?
8
What is the tens digit of 469145?
4
What is the millions digit of 25472054?
5
What is the ten thousands digit of 165343?
6
What is the thousands digit of 3996755?
6
What is the units digit of 270366?
6
What is the hundred thousands digit of 1225918?
2
What is the ten thousands digit of 7026614?
2
What is the ten thousands digit of 126139?
2
What is the units digit of 4234478?
8
What is the thousands digit of 32541962?
1
What is the ten thousands digit of 529529?
2
What is the ten thousands digit of 3102592?
0
What is the thousands digit of 823726?
3
What is the units digit of 4488737?
7
What is the thousands digit of 610783?
0
What is the units digit of 3125714?
4
What is the thousands digit of 17319421?
9
What is the thousands digit of 9908750?
8
What is the tens digit of 6910189?
8
What is the thousands digit of 3885?
3
What is the millions digit of 6352788?
6
What is the units digit of 8484515?
5
What is the tens digit of 2877457?
5
What is the hundred thousands digit of 3826790?
8
What is the thousands digit of 365547?
5
What is the hundred thousands digit of 1101565?
1
What is the thousands digit of 55622?
5
What is the millions digit of 2086809?
2
What is the ten thousands digit of 22016931?
1
What is the hundreds digit of 587352?
3
What is the ten thousands digit of 252408?
5
What is the hundred thousands digit of 157376?
1
What is the units digit of 326607?
7
What is the millions digit of 2135672?
2
What is the ten thousands digit of 5796427?
9
What is the units digit of 260680?
0
What is the ten thousands digit of 317931?
1
What is the hundreds digit of 49308?
3
What is the ten thousands digit of 127026?
2
What is the tens digit of 874442?
4
What is the ten thousands digit of 348133?
4
What is the tens digit of 45123?
2
What is the millions digit of 12085846?
2
What is the units digit of 4376644?
4
What is the hundreds digit of 1865774?
7
What is the units digit of 22045994?
4
What is the tens digit of 1649701?
0
What is the ten thousands digit of 208400?
0
What is the units digit of 452491?
1
What is the hundreds digit of 160227?
2
What is the hundred thousands digit of 1581265?
5
What is the ten thousands digit of 10656774?
5
What is the tens digit of 1140511?
1
What is the tens digit of 274206?
0
What is the ten thousands digit of 228484?
2
What is the thousands digit of 794729?
4
What is the ten thousands digit of 2075562?
7
What is the units digit of 3031076?
6
What is the tens digit of 11008251?
5
What is the hundreds digit of 16780780?
7
What is the hundred thousands digit of 1074593?
0
What is the units digit of 9746523?
3
What is the millions digit of 3431496?
3
What is the millions digit of 2699673?
2
What is the tens digit of 111276?
7
What is the hundred thousands digit of 17934065?
9
What is the ten millions digit of 12420229?
1
What is the thousands digit of 361744?
1
What is the units digit of 16288900?
0
What is the units digit of 446630?
0
What is the thousands digit of 262223?
2
What is the thousands digit of 160754?
0
What is the hundreds digit of 4061015?
0
What is the hundred thousands digit of 9556210?
5
What is the millions digit of 1748376?
1
What is the hundreds digit of 175429?
4
What is the hundred thousands digit of 11042088?
0
What is the hundred thousands digit of 4720018?
7
What is the ten thousands digit of 70183?
7
What is the thousands digit of 581052?
1
What is the units digit of 10310308?
8
What is the thousands digit of 1112825?
2
What is the hundred thousands digit of 6976608?
9
What is the units digit of 11223098?
8
What is the tens digit of 3786377?
7
What is the thousands digit of 1461778?
1
What is the hundreds digit of 230094?
0
What is the hundreds digit of 400840?
8
What is the millions digit of 1450333?
1
What is the hundred thousands digit of 115625?
1
What is the tens digit of 3346896?
9
What is the units digit of 372217?
7
What is the units digit of 3152159?
9
What is the ten thousands digit of 1555003?
5
What is the units digit of 505951?
1
What is the units digit of 202490?
0
What is the thousands digit of 63946?
3
What is the hundred thousands digit of 374903?
3
What is the hundreds digit of 4297713?
7
What is the ten millions digit of 23100319?
2
What is the tens digit of 980930?
3
What is the tens digit of 27992?
9
What is the hundred thousands digit of 655541?
6
What is the units digit of 98014?
4
What is the thousands digit of 386966?
6
What is the hundreds digit of 636635?
6
What is the thousands digit of 3623290?
3
What is the hundreds digit of 3586510?
5
What is the millions digit of 2714869?
2
What is the thousands digit of 115590?
5
What is the ten thousands digit of 20982711?
8
What is the ten thousands digit of 422294?
2
What is the hundred thousands digit of 287151?
2
What is the tens digit of 86834?
3
What is the units digit of 6389471?
1
What is the millions digit of 2989492?
2
What is the hundred thousands digit of 141300?
1
What is the units digit of 12357516?
6
What is the units digit of 122073?
3
What is the hundred thousands digit of 11766012?
7
What is the millions digit of 9070316?
9
What is the hundred thousands digit of 409702?
4
What is the tens digit of 448265?
6
What is the tens digit of 228917?
1
What is the millions digit of 6109022?
6
What is the hundred thousands digit of 858476?
8
What is the units digit of 7015951?
1
What is the hundreds digit of 220032?
0
What is the thousands digit of 69671?
9
What is the thousands digit of 12782775?
2
What is the units digit of 24220721?
1
What is the hundred thousands digit of 662197?
6
What is the ten thousands digit of 702858?
0
What is the millions digit of 6345558?
6
What is the hundreds digit of 90201?
2
What is the thousands digit of 1165730?
5
What is the ten thousands digit of 5395035?
9
What is the uni